{"id":2055,"date":"2025-02-07T14:38:23","date_gmt":"2025-02-07T14:38:23","guid":{"rendered":"https:\/\/www.servoplus.com.tr\/?page_id=2055"},"modified":"2025-02-07T16:52:37","modified_gmt":"2025-02-07T16:52:37","slug":"blog-2","status":"publish","type":"page","link":"https:\/\/www.servoplus.com.tr\/index.php\/blog-2\/","title":{"rendered":"BLOG"},"content":{"rendered":"\t\t<div data-elementor-type=\"wp-page\" data-elementor-id=\"2055\" class=\"elementor elementor-2055\" data-elementor-post-type=\"page\">\n\t\t\t\t<div class=\"elementor-element elementor-element-678dc39 e-flex e-con-boxed e-con e-parent\" data-id=\"678dc39\" data-element_type=\"container\" data-e-type=\"container\">\n\t\t\t\t\t<div class=\"e-con-inner\">\n\t\t\t\t<div class=\"elementor-element elementor-element-11e1506 elementor-grid-2 elementor-grid-tablet-2 elementor-grid-mobile-1 elementor-posts--thumbnail-top elementor-card-shadow-yes elementor-posts__hover-gradient elementor-widget elementor-widget-posts\" data-id=\"11e1506\" data-element_type=\"widget\" data-e-type=\"widget\" data-settings=\"{&quot;cards_columns&quot;:&quot;2&quot;,&quot;pagination_type&quot;:&quot;numbers&quot;,&quot;cards_columns_tablet&quot;:&quot;2&quot;,&quot;cards_columns_mobile&quot;:&quot;1&quot;,&quot;cards_row_gap&quot;:{&quot;unit&quot;:&quot;px&quot;,&quot;size&quot;:35,&quot;sizes&quot;:[]},&quot;cards_row_gap_tablet&quot;:{&quot;unit&quot;:&quot;px&quot;,&quot;size&quot;:&quot;&quot;,&quot;sizes&quot;:[]},&quot;cards_row_gap_mobile&quot;:{&quot;unit&quot;:&quot;px&quot;,&quot;size&quot;:&quot;&quot;,&quot;sizes&quot;:[]}}\" data-widget_type=\"posts.cards\">\n\t\t\t\t<div class=\"elementor-widget-container\">\n\t\t\t\t\t\t\t<div class=\"elementor-posts-container elementor-posts elementor-posts--skin-cards elementor-grid\">\n\t\t\t\t<article class=\"elementor-post elementor-grid-item post-2270 post type-post status-publish format-standard has-post-thumbnail hentry category-motor-tamir-ve-bakim\">\n\t\t\t<div class=\"elementor-post__card\">\n\t\t\t\t<a class=\"elementor-post__thumbnail__link\" href=\"https:\/\/www.servoplus.com.tr\/index.php\/2025\/02\/08\/yeni-yazi-test\/\" tabindex=\"-1\" ><div class=\"elementor-post__thumbnail\"><img decoding=\"async\" width=\"300\" height=\"146\" src=\"https:\/\/www.servoplus.com.tr\/wp-content\/uploads\/2025\/02\/servobanner3-1-300x146.png\" class=\"attachment-medium size-medium wp-image-2038\" alt=\"\" srcset=\"https:\/\/www.servoplus.com.tr\/wp-content\/uploads\/2025\/02\/servobanner3-1-300x146.png 300w, https:\/\/www.servoplus.com.tr\/wp-content\/uploads\/2025\/02\/servobanner3-1-768x375.png 768w, https:\/\/www.servoplus.com.tr\/wp-content\/uploads\/2025\/02\/servobanner3-1.png 1024w\" sizes=\"(max-width: 300px) 100vw, 300px\" \/><\/div><\/a>\n\t\t\t\t<div class=\"elementor-post__badge\">Motor Tamir ve Bak\u0131m<\/div>\n\t\t\t\t<div class=\"elementor-post__text\">\n\t\t\t\t<h3 class=\"elementor-post__title\">\n\t\t\t<a href=\"https:\/\/www.servoplus.com.tr\/index.php\/2025\/02\/08\/yeni-yazi-test\/\" >\n\t\t\t\tServo Motor Tamiri: End\u00fcstriyel Verimlili\u011finizi Art\u0131r\u0131n\t\t\t<\/a>\n\t\t<\/h3>\n\t\t\t\t<div class=\"elementor-post__excerpt\">\n\t\t\t<p>Servo motorlar, hassas hareket kontrol\u00fc gerektiren end\u00fcstriyel uygulamalarda kritik bir rol oynar. CNC makinelerinden robotik sistemlere, paketleme makinelerinden otomasyon \u00e7\u00f6z\u00fcmlerine kadar bir\u00e7ok alanda kullan\u0131lan bu<\/p>\n\t\t<\/div>\n\t\t\n\t\t<a class=\"elementor-post__read-more\" href=\"https:\/\/www.servoplus.com.tr\/index.php\/2025\/02\/08\/yeni-yazi-test\/\" aria-label=\"Read more about Servo Motor Tamiri: End\u00fcstriyel Verimlili\u011finizi Art\u0131r\u0131n\" tabindex=\"-1\" >\n\t\t\tOKU \u00bb\t\t<\/a>\n\n\t\t\t\t<\/div>\n\t\t\t\t<div class=\"elementor-post__meta-data\">\n\t\t\t\t\t<span class=\"elementor-post-date\">\n\t\t\t\u015eubat 8, 2025\t\t<\/span>\n\t\t\t\t<span class=\"elementor-post-avatar\">\n\t\t\tYorum yap\u0131lmam\u0131\u015f\t\t<\/span>\n\t\t\t\t<\/div>\n\t\t\t\t\t<\/div>\n\t\t<\/article>\n\t\t\t\t<\/div>\n\t\t\n\t\t\t\t\t\t<\/div>\n\t\t\t\t<\/div>\n\t\t\t\t\t<\/div>\n\t\t\t\t<\/div>\n\t\t<div class=\"elementor-element elementor-element-39e3771 e-flex e-con-boxed e-con e-parent\" data-id=\"39e3771\" data-element_type=\"container\" data-e-type=\"container\">\n\t\t\t\t\t<div class=\"e-con-inner\">\n\t\t\t\t\t<\/div>\n\t\t\t\t<\/div>\n\t\t\t\t<\/div>\n\t\t","protected":false},"excerpt":{"rendered":"Servo motorlar, hassas hareket kontrol\u00fc gerektiren end\u00fcstriyel uygulamalarda kritik bir rol oynar. CNC makinelerinden robotik sistemlere, paketleme makinelerinden otomasyon \u00e7\u00f6z\u00fcmlerine kadar bir\u00e7ok alanda kullan\u0131lan bu motorlar, zamanla a\u015f\u0131nma, elektriksel ar\u0131zalar veya mekanik problemler nedeniyle performans kayb\u0131 ya\u015fayabilir. Bu noktada profesyonel servo motor tamiri devreye girerek ekipmanlar\u0131n\u0131z\u0131n \u00f6mr\u00fcn\u00fc uzat\u0131r ve \u00fcretim verimlili\u011finizi art\u0131r\u0131r. Servo Motorlarda En [...]","protected":false},"author":1,"featured_media":0,"parent":0,"menu_order":0,"comment_status":"closed","ping_status":"closed","template":"","meta":{"_joinchat":[],"footnotes":""},"class_list":["post-2055","page","type-page","status-publish","hentry"],"_links":{"self":[{"href":"https:\/\/www.servoplus.com.tr\/index.php\/wp-json\/wp\/v2\/pages\/2055","targetHints":{"allow":["GET"]}}],"collection":[{"href":"https:\/\/www.servoplus.com.tr\/index.php\/wp-json\/wp\/v2\/pages"}],"about":[{"href":"https:\/\/www.servoplus.com.tr\/index.php\/wp-json\/wp\/v2\/types\/page"}],"author":[{"embeddable":true,"href":"https:\/\/www.servoplus.com.tr\/index.php\/wp-json\/wp\/v2\/users\/1"}],"replies":[{"embeddable":true,"href":"https:\/\/www.servoplus.com.tr\/index.php\/wp-json\/wp\/v2\/comments?post=2055"}],"version-history":[{"count":22,"href":"https:\/\/www.servoplus.com.tr\/index.php\/wp-json\/wp\/v2\/pages\/2055\/revisions"}],"predecessor-version":[{"id":2091,"href":"https:\/\/www.servoplus.com.tr\/index.php\/wp-json\/wp\/v2\/pages\/2055\/revisions\/2091"}],"wp:attachment":[{"href":"https:\/\/www.servoplus.com.tr\/index.php\/wp-json\/wp\/v2\/media?parent=2055"}],"curies":[{"name":"wp","href":"https:\/\/api.w.org\/{rel}","templated":true}]}}